-67. Suppose 264 - 102 = a + 2*q, f*a + 2*q - 322 = 0. List the prime factors of a.
2, 5
Suppose 732 = 2*g - 1030. What are the prime factors of g?
881
Let i = -18 + 10. What are the prime factors of ((-250)/(-20))/((-2)/i)?
2, 5
Suppose -2*o + 281 = 2*o + p, 2*o = -5*p + 127. What are the prime factors of o?
71
Suppose 6*w - 7*w = 1. What are the prime factors of 2442/24 - w/4?
2, 3, 17
Let x = 30 - 51. Let i be x*(-5 - -1) + 0. Suppose -i = l - 4*l. What are the prime factors of l?
2, 7
Let r be ((-171)/(-36))/((15/12)/5). Let w(s) = s**3 - 6*s**2 + 5*s + 2. Let i be w(4). Let c = i + r. What are the prime factors of c?
3
Let y(o) = 12*o + 3. Let w be y(-3). Let z = 19 - w. Suppose z = -5*t + 187. What are the prime factors of t?
3
Suppose -h = 8*h. Suppose -3*x + 4*b = -238, x - b + h*b - 79 = 0. What are the prime factors of x?
2, 3, 13
Suppose 90 = 2*w - 7*w. Let i = w + 33. List the prime factors of 2/3 + 365/i.
5
Let l(j) = j**3 + 6*j**2 + 8*j - 3. Let k be l(-6). Let y = k - -85. What are the prime factors of y?
2, 17
Let a(c) = -2*c**3 + 44*c**2 + 38*c - 11. What are the prime factors of a(20)?
3, 29
Suppose -4 = -h - 9. What are the prime factors of h/(-5) - 1 - -42?
2, 3, 7
Let t = 16 - -16. Let s = 12 + t. What are the prime factors of s?
2, 11
Let t(v) = -2*v**3 - 10*v**2 - 16*v - 126. What are the prime factors of t(-7)?
2, 7, 13
Let h be (-101)/(-4) - 1/4. Suppose -3*a - 16 = 2*d - 2, -h = 5*d + 5*a. List the prime factors of 6 - ((-6)/3 + d).
3
Let v = -1 - 6. Suppose -16 = 3*f - 7. List the prime factors of 4 - 2 - (f + v).
2, 3
Let l = 54 - 78. List the prime factors of (l - -23) + 4*(-18)/(-4).
17
Let r(g) = -27*g**3 - g**2 + g + 1. Let t be 36/(12/(-3)) + -1. Let h = t + 9. List the prime factors of r(h).
2, 13
Let v = -31 + -2. Let f = 72 + v. List the prime factors of f.
3, 13
Let c(b) = b - 1. Let x = -11 + 17. Let m be c(x). Suppose 4 = 2*j, m*d = 4*j + j + 10. List the prime factors of d.
2
Let v = -30 + 26. Let o = v - -10. List the prime factors of (-9)/o*-2 + 12.
3, 5
Suppose 8 = 2*w - w. Suppose -w = -2*r, -5*q - r + 260 = -6*r. List the prime factors of q.
2, 7
Suppose -3*w - 2*w = -4*w. Suppose w = -5*s - 5*k + 300, s + 3*k - 44 = 10. What are the prime factors of s?
3, 7
What are the prime factors of 1175 + -1 - -5 - -2?
1181
What are the prime factors of (-110)/(-1155) - 112766/(-42)?
3, 5, 179
Let w = -36 - -94. List the prime factors of (w/4)/(2/24).
2, 3, 29
Suppose 5*r = 15, 2*r - 10 = w - 2*w. Suppose -20 = h - 5*c, -5*h + 4*c + 1 = -w. Let t = 34 + h. List the prime factors of t.
3, 13
Let j(d) = -d**3 + 31*d**2 - 7*d + 28. What are the prime factors of j(14)?
2, 7, 233
Let b(k) = -16*k**3 - k**2 + 10*k + 13. List the prime factors of b(-3).
2, 7, 29
Let w(a) = 2*a**3 + a**2 + 3*a + 236. List the prime factors of w(0).
2, 59
Suppose -3*r = -5*d + 11 + 14, -d = -r - 5. Let i(v) = -2*v + 16. Let l(a) = 1. Let u(k) = i(k) + 4*l(k). List the prime factors of u(r).
2, 5
Let b(a) = 2*a**3 - 2*a - 6. Let u be b(0). What are the prime factors of (-397)/u - 5/30?
2, 3, 11
Let u be 9/(-6)*64/12. Let q(f) = f**2 - 2*f - 10. List the prime factors of q(u).
2, 5, 7
Let r(l) = 173*l - 738. What are the prime factors of r(23)?
7, 463
Suppose d - 131 + 43 = 0. What are the prime factors of d?
2, 11
Let d be (-1)/2 - (-2)/4. Suppose 4*p + 15 - 35 = d. Suppose y - 2 = -p*m + 3, 0 = -4*y + 5*m + 70. What are the prime factors of y?
3, 5
Suppose 0 = 4*x, 7 = 3*d - 2*d + 3*x. Let z(o) = -13*o - 4. Let b be z(-5). Suppose 4*g - d - b = 0. What are the prime factors of g?
17
Suppose 0 = -3*a + a + 78. Suppose -6*s = -7*s + a. Suppose -5*q + s = -2*q. List the prime factors of q.
13
Let s(m) = -3*m**3 + 2*m**2 - 6. Let j be s(-3). What are the prime factors of j + (-1 - 15/(-3))?
97
Let a(g) = g**2 + 7*g + 6. Let s be a(-6). Suppose 2*w - 24 = -s*w. What are the prime factors of -15*(w/20)/(-1)?
3
Suppose 0*g - x = 4*g + 3, 5*g - 2*x = 6. Suppose -2*z - 4*b + 2*b = -248, g = 2*b - 4. Let n = -62 + z. What are the prime factors of n?
2, 3, 5
Let k = 681 - -50. List the prime factors of k.
17, 43
Suppose 8 = -5*r + 18. Suppose -4*t - 3*y + 108 = -0*t, -r*y = -t + 16. Let b = t - 4. List the prime factors of b.
2, 5
Let a(j) = 2*j - 1. Let d(f) = -f**3 - 11*f**2 + 13*f + 14. Let p be d(-12). Let r be a(p). Suppose -r*l = -56 - 25. What are the prime factors of l?
3
Let d(q) = -5*q**3 - 3*q**2 + 3*q - 5. Let v be d(2). Let y = v - -79. Suppose 5*z = 4*g + y - 85, -2*z + 24 = g. What are the prime factors of g?
2, 3
Let k(z) = z**3 - 2*z**2 - 5*z + 9. Let i be (-3)/(0 + -1) - (-2)/1. What are the prime factors of k(i)?
59
Let v(w) = -w**3 - w**2. Let x(y) = -4*y**3 - 11*y**2 + 5*y - 6. Let z(a) = -6*v(a) + x(a). What are the prime factors of z(3)?
2, 3
Let s(u) = -2*u + 16. Let x be s(8). Suppose -3*r = -x*r - 27. Suppose -r*g + 5*g + 12 = 0. List the prime factors of g.
3
Let g(z) = 8*z**2 + 5*z - 17. Let o be g(-8). Let n = o + -269. List the prime factors of n.
2, 3, 31
What are the prime factors of (46/6 + -9)/((-2)/3123)?
2, 3, 347
List the prime factors of (-25164)/(-48) - (0 + 3/(-4)).
3, 5, 7
Let n(c) = 5*c**3 - c**2 - 4*c + 2. Let r be n(3). Suppose 4*d = -8*i + 3*i + r, 2*i - 4*d = 52. Suppose -12*j + 8*j = -i. List the prime factors of j.
2, 3
Let t = -11 - -8. Let y be 24/(-9)*t/1. Let x = 13 - y. What are the prime factors of x?
5
Suppose -3*d - 1 + 5 = -4*g, -3*d - 20 = 2*g. Let c be (-3)/(-3) + (-3)/1. List the prime factors of c*g/(-8) - -62.
61
Let c be 1/(4 + (-44)/12). Let q be 402/c + 3 - -1. Suppose -4*i - q = -7*i. What are the prime factors of i?
2, 23
Let o be 86/7 + 2/(-7). Let p be 4*(4/(-10) - (-822)/(-20)). List the prime factors of (-8)/o + p/(-6).
3
Let a = -35 - -36. Let t(s) = 157*s**2 - s - 1. List the prime factors of t(a).
5, 31
List the prime factors of -11 - -2 - (-1394 + -6).
13, 107
Suppose 0 = -4*s + 4, o - 5*s - 42 = 77. Suppose -2*p = -3 - 5, 0 = 4*j + 3*p - o. What are the prime factors of j?
2, 7
Suppose 3*r - r - 22 = 0. Suppose -r*u - 38 = -13*u. What are the prime factors of u?
19
Suppose 16*p = 18*p - 146. Suppose 0 = -5*j + 4*j + p. What are the prime factors of j?
73
Let x(k) = 3*k + 4. Let j be x(-4). Let f be (-8)/(-6)*(0 - -3). List the prime factors of f/j - 22/(-4).
5
Let z(l) = l**2 - 7*l - 4. Let w be z(8). Suppose 3*k = -w*b + k + 104, 5*b - 4*k = 117. Let a = b + -19. What are the prime factors of a?
2, 3
Let m be (45/18)/((-1)/(-28)). Let l = m + -121. List the prime factors of 3/1*l/(-9).
17
Suppose 6*o = -24 + 144. Suppose -19*t - 87 = -o*t. What are the prime factors of t?
3, 29
Let v = -27 + 61. Let x = 50 - 63. Let f = v + x. What are the prime factors of f?
3, 7
What are the prime factors of (-13420)/(-10) + 12*1?
2, 677
Let o be (133/(-38))/(2/4). Let h(y) = -y**3 - 6*y**2 + 5*y + 5. List the prime factors of h(o).
19
Let a be 2/(-7) + (-54)/7. Suppose 8*y + 64 = 4*y. Let i = a - y. What are the prime factors of i?
2
Suppose -1 = 6*p + 5. Let f = 24 + p. List the prime factors of f.
23
Suppose -7*s + 6*s - 1834 = -2*f, 2*f - 1828 = 4*s. What are the prime factors of f?
2, 3, 17
Let x(h) = 0 + 4 + 17 - 8*h. List the prime factors of x(-11).
109
Suppose -y = -3*h + 7*h + 2, 3*h - 2 = y. Suppose -60 = -m - h*m. List the prime factors of m.
2, 3, 5
Suppose -3*l = 5*t - 4*t - 12, 3*t = -3*l + 6. Suppose l*d + 9 + 1 = 0. Let r(z) = -24*z. List the prime factors of r(d).
2, 3
Suppose -3*u + 255*h = 256*h - 13496, -5*u + 22480 = -5*h. What are the prime factors of u?
2, 13, 173
Let x = 6 - 4. Suppose 4*r - 470 = -0*r + x*t, -4*t + 140 = r. Suppose -2*i = 2*i - r. What are the prime factors of i?
2, 3, 5
Let j(w) = -w**3 + 15*w**2 + 34*w + 11. Let b(v) = v**3 - 6*v**2 - 5*v + 2. Let f be b(7). What are the prime factors of j(f)?
13, 23
Suppose -2*g = -4, -5*v + 0*g + 18 = -g. Suppose -v*t - 20 = 0, 4*f - 3*t + 2*t - 309 = 0. What are the prime factors of f?
2, 19
Let s be -2 + 8 + 3 + -4. Let w(a) = a**2 - 6*a + 3. Let n be w(6). Suppose s*k - 3*k + 4*l - 18 = 0, -n*l + 12 = k. What are the prime factors of k?
3
Let z(d) = -d - 3. Let f be z(-7). Suppose f*w + 9 = 25. List the prime factors of w*(9/4 - 1).
5
Let z(m) = 5*m - 10. Let j be z(2). Suppose -4*d + 5*b + 115 + 5